352 and 416.
32
Calculate the highest common factor of 13 and 2119.
13
Calculate the highest common divisor of 2 and 181.
1
What is the highest common factor of 72 and 54?
18
Calculate the greatest common divisor of 196 and 4.
4
Calculate the highest common divisor of 172 and 2494.
86
What is the highest common factor of 12 and 62844?
12
Calculate the greatest common factor of 1643 and 279.
31
Calculate the greatest common factor of 65 and 5.
5
What is the highest common divisor of 2955 and 345?
15
Calculate the highest common divisor of 28 and 9604.
28
Calculate the highest common divisor of 1674 and 108.
54
Calculate the greatest common factor of 12 and 2372.
4
What is the highest common factor of 2756 and 208?
52
What is the greatest common factor of 425 and 1921?
17
Calculate the highest common factor of 77 and 1309.
77
Calculate the greatest common divisor of 56 and 224.
56
What is the highest common factor of 6804 and 63?
63
Calculate the greatest common factor of 546 and 858.
78
What is the greatest common divisor of 180 and 50?
10
What is the greatest common factor of 84 and 27?
3
Calculate the highest common divisor of 290 and 10.
10
Calculate the greatest common factor of 589 and 95.
19
What is the highest common divisor of 231 and 99?
33
What is the highest common divisor of 285 and 165?
15
What is the greatest common divisor of 129 and 215?
43
What is the highest common divisor of 68 and 374?
34
What is the highest common divisor of 26 and 9321?
13
Calculate the highest common factor of 80 and 5300.
20
What is the highest common factor of 410 and 290?
10
What is the greatest common factor of 315 and 585?
45
Calculate the highest common factor of 21 and 12.
3
Calculate the greatest common factor of 156 and 14092.
52
What is the highest common factor of 170 and 320?
10
What is the greatest common divisor of 36 and 408?
12
Calculate the highest common factor of 4440 and 30.
30
Calculate the greatest common divisor of 187 and 165.
11
Calculate the greatest common divisor of 85 and 11135.
85
What is the highest common factor of 75 and 925?
25
Calculate the greatest common factor of 990 and 810.
90
Calculate the highest common divisor of 1216 and 8.
8
Calculate the greatest common divisor of 6 and 219.
3
What is the highest common divisor of 592 and 16?
16
Calculate the greatest common factor of 20 and 115.
5
Calculate the highest common divisor of 583 and 53.
53
Calculate the highest common divisor of 133 and 35.
7
What is the greatest common divisor of 120 and 105?
15
What is the greatest common factor of 140 and 20?
20
What is the greatest common factor of 90 and 130?
10
What is the greatest common factor of 81 and 189?
27
What is the greatest common factor of 53 and 5141?
53
Calculate the greatest common factor of 17 and 493.
17
Calculate the highest common factor of 2172 and 180.
12
What is the greatest common divisor of 406 and 70?
14
Calculate the highest common factor of 1394 and 34.
34
What is the highest common factor of 23 and 5589?
23
Calculate the highest common factor of 679 and 7.
7
What is the highest common factor of 121 and 132?
11
What is the highest common divisor of 22320 and 64?
16
What is the greatest common factor of 30 and 80?
10
What is the greatest common divisor of 34 and 26?
2
Calculate the greatest common divisor of 2 and 362.
2
Calculate the highest common factor of 138896 and 16.
16
What is the highest common factor of 13 and 403?
13
Calculate the highest common divisor of 18 and 3411.
9
What is the greatest common factor of 697 and 17?
17
Calculate the greatest common divisor of 764 and 23875.
191
What is the greatest common factor of 162 and 144?
18
Calculate the highest common factor of 960 and 195.
15
What is the highest common divisor of 226 and 4859?
113
Calculate the greatest common factor of 108 and 4.
4
What is the greatest common divisor of 342 and 304?
38
What is the highest common divisor of 260 and 100?
20
Calculate the highest common factor of 16 and 20.
4
Calculate the highest common divisor of 429 and 78.
39
Calculate the greatest common divisor of 22 and 77.
11
Calculate the highest common factor of 10089 and 342.
171
Calculate the highest common divisor of 56 and 658.
14
Calculate the highest common divisor of 42 and 784.
14
Calculate the greatest common divisor of 40 and 272.
8
Calculate the greatest common divisor of 160 and 24.
8
Calculate the greatest common divisor of 15 and 3565.
5
What is the highest common factor of 341 and 66?
11
Calculate the greatest common factor of 8 and 2.
2
What is the greatest common factor of 9 and 36999?
9
What is the greatest common factor of 15 and 85?
5
What is the greatest common factor of 949 and 416?
13
What is the greatest common factor of 465 and 1470?
15
What is the highest common divisor of 90 and 240?
30
Calculate the greatest common divisor of 9 and 495.
9
What is the greatest common divisor of 588 and 84?
84
Calculate the greatest common divisor of 10 and 270.
10
Calculate the highest common factor of 581 and 166.
83
Calculate the highest common divisor of 4302 and 36.
18
What is the greatest common factor of 516 and 60?
12
Calculate the highest common factor of 320 and 2752.
64
Calculate the greatest common divisor of 69 and 92.
23
What is the greatest common factor of 2278 and 34?
34
Calculate the greatest common factor of 36 and 942.
6
Calculate the greatest common divisor of 147 and 63.
21
Calculate the highest common factor of 72 and 2916.
36
Calculate the highest common divisor of 800 and 960.
160
Calculate the greatest common factor of 162 and 15714.
162
What is the highest common divisor of 48 and 408?
24
Calculate the greatest common divisor of 650 and 65.
65
Calculate the greatest common factor of 136 and 6460.
68
What is the greatest common divisor of 75 and 120?
15
What is the greatest common factor of 115 and 207?
23
What is the greatest common divisor of 24 and 2424?
24
Calculate the highest common factor of 24887 and 41.
41
What is the greatest common divisor of 24 and 492?
12
Calculate the greatest common factor of 2430 and 3960.
90
What is the greatest common divisor of 6860 and 35?
35
What is the greatest common factor of 11358 and 18?
18
Calculate the greatest common factor of 492 and 60.
12
Calculate the highest common factor of 4239 and 2669.
157
Calculate the greatest common divisor of 36 and 13860.
36
Calculate the greatest common divisor of 67 and 536.
67
What is the highest common factor of 624 and 144?
48
Calculate the highest common factor of 483 and 21.
21
What is the greatest common factor of 2074 and 1098?
122
Calculate the greatest common divisor of 1353 and 1045.
11
What is the highest common divisor of 528 and 240?
48
Calculate the greatest common divisor of 620 and 31.
31
What is the greatest common factor of 9282 and 26?
26
What is the highest common factor of 91 and 3276?
91
Calculate the greatest common factor of 6 and 768.
6
Calculate the greatest common factor of 1696 and 80.
16
What is the highest common divisor of 20 and 90?
10
What is the greatest common factor of 12 and 108?
12
Calculate the greatest common factor of 15258 and 6.
6
What is the highest common factor of 357 and 51?
51
Calculate the greatest common factor of 52373 and 83.
83
What is the highest common divisor of 720 and 576?
144
What is the highest common divisor of 2322 and 90?
18
Calculate the highest common divisor of 55 and 187.
11
What is the highest common divisor of 1111 and 101?
101
What is the highest common factor of 377 and 65?
13
Calculate the greatest common factor of 81 and 189.
27
What is the highest common divisor of 51 and 31263?
51
What is the highest common divisor of 72 and 16?
8
Calculate the highest common divisor of 1264 and 474.
158
Calculate the greatest common divisor of 1469 and 117.
13
Calculate the greatest common factor of 324 and 48.
12
What is the highest common factor of 40 and 1000?
40
What is the greatest common divisor of 148 and 4?
4
Calculate the highest common factor of 52 and 884.
52
What is the greatest common factor of 57967 and 13?
13
Calculate the greatest common factor of 24 and 64.
8
Calculate the greatest common divisor of 12 and 162.
6
Calculate the greatest common factor of 2364 and